 what is -111 + 1224302?
1224141
In base 11, what is -59 - -2215736?
2215688
In base 8, what is -435 + -461222?
-461657
In base 13, what is -87a7637 - 3?
-87a763a
In base 9, what is -60805 + -182?
-61087
In base 2, what is -1010110110000 - 11001001011?
-1101111111011
In base 2, what is -101010111001111110110000001 + 11?
-101010111001111110101111110
In base 14, what is -c858 - 186?
-ca00
In base 15, what is a0 - c3ee6?
-c3e46
In base 7, what is -2024231 - 444?
-2025005
In base 13, what is b + 18c8a51?
18c8a5c
In base 6, what is -31544 + -23122?
-55110
In base 14, what is -4d28c - 53?
-4d301
In base 8, what is -211224 + -335?
-211561
In base 13, what is -10c + 2a604?
2a4c5
In base 9, what is 5 + 348885105?
348885111
In base 16, what is 80 + a6aba?
a6b3a
In base 2, what is 10111 + -100111001010000?
-100111000111001
In base 6, what is 2522 + 45215204?
45222130
In base 5, what is -31 - -10402013?
10401432
In base 5, what is -1034 + -32100330?
-32101414
In base 2, what is -1110100101001010000 - 1111000?
-1110100101011001000
In base 9, what is 56534586 - 5?
56534581
In base 7, what is -5 - -2520103?
2520065
In base 5, what is 10034411240 - 122?
10034411113
In base 4, what is -1001012 + -110320320?
-111321332
In base 7, what is -3 - -1132556261?
1132556255
In base 4, what is -30321222 + -1331121?
-32313003
In base 10, what is -569 + -32338?
-32907
In base 16, what is cd3 + -130ea?
-12417
In base 6, what is -11312233034 - -2?
-11312233032
In base 16, what is 0 + e2b0228?
e2b0228
In base 8, what is -72450 - 3400?
-76050
In base 13, what is 5bb61b - -12?
5bb630
In base 9, what is 32 + -1261301?
-1261258
In base 6, what is 2 - -112052403?
112052405
In base 3, what is 11 + 111111022021120?
111111022021201
In base 16, what is -4 + -23c1a04?
-23c1a08
In base 5, what is 11214221124 + 1?
11214221130
In base 10, what is 1020896 - -1?
1020897
In base 12, what is 25 + -975047b?
-9750456
In base 16, what is -11 + -3aa808?
-3aa819
In base 8, what is -5 + -102743044?
-102743051
In base 8, what is 43242 - 70?
43152
In base 3, what is -10 - 2102021000120021?
-2102021000120101
In base 7, what is 6525213 - 10?
6525203
In base 11, what is aa94455 + -2?
aa94453
In base 16, what is -f874 - 97?
-f90b
In base 16, what is -6fe3d + -2cb?
-70108
In base 15, what is -ec8 + 4090?
30b7
In base 8, what is 0 + 533?
533
In base 4, what is -22330330002 + -323?
-22330330331
In base 3, what is -22212010120 + 111111?
-22211122002
In base 2, what is 11 + 11000110011001111101100000?
11000110011001111101100011
In base 16, what is 634f - -b42?
6e91
In base 15, what is 3 + d591c1?
d591c4
In base 5, what is 20234140401 + 0?
20234140401
In base 16, what is -8ae - 808af?
-8115d
In base 5, what is 10430 + 102301231?
102312211
In base 5, what is 2442114110 - -1?
2442114111
In base 10, what is 8577000 - -1?
8577001
In base 2, what is 1011011 - 1110010110110110?
-1110010101011011
In base 8, what is 3 - 1446622627?
-1446622624
In base 3, what is 12002001 - -1022112211?
1111121212
In base 2, what is -101101011110 - 10000111111?
-111110011101
In base 3, what is 12 - 100210010022020211?
-100210010022020122
In base 15, what is d04d + 1a43?
ea91
In base 16, what is 28b5 - a107?
-7852
In base 9, what is 47 - -11175001?
11175048
In base 3, what is 2 - -111010200222010?
111010200222012
In base 5, what is 224124 + -334414?
-110240
In base 13, what is -4 + 2484b9b?
2484b97
In base 3, what is -222101112 + 1202002?
-220122110
In base 10, what is -33 - -2513603?
2513570
In base 4, what is 20131 + 1331003?
2011200
In base 6, what is 4 - -10512332354?
10512332402
In base 12, what is 5b - 30a44?
-309a5
In base 8, what is 6215 - -42036?
50253
In base 10, what is 1447865 + -9?
1447856
In base 2, what is 101111000100000011011 - -111100?
101111000100001010111
In base 16, what is 1dc92c4 + 9?
1dc92cd
In base 12, what is -4 - -3573771?
3573769
In base 11, what is -3 - -387826?
387823
In base 13, what is 1b2457 - 210?
1b2247
In base 4, what is -10103111 + 13311?
-10023200
In base 14, what is -42b + 628?
1db
In base 16, what is 11 - 1b91d8?
-1b91c7
In base 14, what is -1573 + 134d?
-224
In base 5, what is -32 - -2100440123?
2100440041
In base 11, what is 84408aa + -4?
84408a6
In base 15, what is a3068d - -1e?
a306ac
In base 5, what is 201130324 + 2?
201130331
In base 16, what is 681 - 20d2a?
-206a9
In base 10, what is -9 - 551958?
-551967
In base 16, what is -af1d9d - -4?
-af1d99
In base 8, what is 462372 - -1002?
463374
In base 6, what is -502301450 - -1?
-502301445
In base 14, what is -5 - 1172863?
-1172868
In base 16, what is 53b - -91678?
91bb3
In base 4, what is -112202210033 + -21?
-112202210120
In base 16, what is -289d384 - -2?
-289d382
In base 11, what is -357 + 871893?
871537
In base 5, what is -1 + -200442130?
-200442131
In base 15, what is 14 - -95639?
9564d
In base 7, what is -23546350 - 2?
-23546352
In base 2, what is -11001010101000010010 - -11101101?
-11001010100100100101
In base 13, what is 8c99b03 - 0?
8c99b03
In base 11, what is 1413159 - -6?
1413164
In base 5, what is -2104 + 10324423?
10322314
In base 13, what is -6b6bb0 - 9?
-6b6bb9
In base 4, what is 1133103123200 - 21?
1133103123113
In base 12, what is 2 + 467934?
467936
In base 12, what is -2 - 3b6415b?
-3b64161
In base 5, what is -2041012214 + -2041?
-2041014310
In base 14, what is -83c0 + 1aa?
-8214
In base 10, what is 857 - 207485?
-206628
In base 3, what is -11020 + 21222120?
21211100
In base 3, what is -1001212 + 20222000?
12220011
In base 8, what is 11260 - 701270?
-670010
In base 8, what is 5 - -64625?
64632
In base 16, what is -2 - fad0f15?
-fad0f17
In base 14, what is -5 - 2cdbb1?
-2cdbb6
In base 6, what is -3305044 - 20?
-3305104
In base 6, what is -2 + -15022354?
-15022400
In base 16, what is -9 + 6774fd?
6774f4
In base 14, what is -46c6c2 + 1?
-46c6c1
In base 4, what is 20132233 + -233112?
13233121
In base 6, what is 2 - -1110302142?
1110302144
In base 2, what is 11110100 + 1001100000010110?
1001100100001010
In base 8, what is -23334 - -225?
-23107
In base 12, what is 1 - 44ba45b6?
-44ba45b5
In base 14, what is 12b4 + 2766?
3a3a
In base 9, what is 2055318 + 487?
2055816
In base 12, what is -286334b3 + -2?
-286334b5
In base 16, what is -5682 - 172?
-57f4
In base 7, what is 452 - 11116?
-10334
In base 3, what is -1 + 210210100122010?
210210100122002
In base 5, what is 110310 + -41024?
14231
In base 7, what is 12 - 46062?
-46050
In base 10, what is -27295 + 6294?
-21001
In base 8, what is -110 + -635355?
-635465
In base 4, what is 2032 - -10311223?
10313321
In base 8, what is 166232 - 43?
166167
In base 16, what is 1aafc + b1?
1abad
In base 6, what is 1031350323 + -20?
1031350303
In base 14, what is 11c9 + -2d73?
-1b88
In base 16, what is 9 + 43216a4?
43216ad
In base 15, what is c + -104567?
-10455a
In base 5, what is -42332432320 - -2?
-42332432313
In base 8, what is -3 - -360751651?
360751646
In base 7, what is 1406301 + 266?
1406600
In base 13, what is 11a50 - -3a6a?
157ba
In base 6, what is -2 + 1503352434?
1503352432
In base 12, what is 3 - 411a86?
-411a83
In base 14, what is -10c434 - -3?
-10c431
In base 11, what is -4 - -811a3?
8119a
In base 5, what is 1 + 31330042321?
31330042322
In base 6, what is 350 - 242342305?
-242341515
In base 10, what is 113 - 1788627?
-1788514
In base 6, what is 1344033 + -2212?
1341421
In base 5, what is 1 - 423044231314?
-423044231313
In base 11, what is -56 - -151a1?
15146
In base 16, what is -844b + 134?
-8317
In base 16, what is -13ab36e + -3?
-13ab371
In base 13, what is 481853b + -c?
481852c
In base 12, what is -9854 - -512?
-9342
In base 14, what is 738310d - 0?
738310d
In base 12, what is -29 + 68b83?
68b56
In base 7, what is -635 - -1100252?
1066314
In base 12, what is 95a27 - 150?
95897
In base 2, what is -1011011111111000110101 + 101?
-1011011111111000110000
In base 15, what is -4daad2 - -3?
-4daace
In base 7, what is 34462 - 11562?
22600
In base 4, what is 1030303 + 11002032?
12033001
In base 12, what is 153 - -9830a6?
983239
In base 13, what is 4c + -42419?
-4239a
In base 15, what is -1 + -134c475?
-134c476
In base 6, what is -3243 + 330443?
323200
In base 15, what is -d0 - 1cd07?
-1cdd7
In base 15, what is 120ac84 - -2?
120ac86
In base 14, what is 135a - -219?
1575
In base 16, what is -3